{"id":15,"date":"2024-03-30T17:34:44","date_gmt":"2024-03-30T17:34:44","guid":{"rendered":"https:\/\/argwenn.zorgimka.ovh\/?page_id=15"},"modified":"2024-03-30T19:38:39","modified_gmt":"2024-03-30T19:38:39","slug":"tarifs","status":"publish","type":"page","link":"https:\/\/argwenn.zorgimka.ovh\/?page_id=15","title":{"rendered":"Tarifs"},"content":{"rendered":"\n<p>Si un petit s\u00e9jour dans notre r\u00e9gion vous tente, nous vous invitons \u00e0 nous contacter par e-mail ou t\u00e9l\u00e9phone, nous nous ferons un plaisir de vous renseigner !<\/p>\n\n\n\n<p><strong>Tarif \u00e0 la semaine<\/strong><\/p>\n\n\n\n<p><strong>( location du samedi 16 H au samedi 11 H )<\/strong><\/p>\n\n\n\n<figure class=\"wp-block-table\"><table><tbody><tr><td>&nbsp;<\/td><td><strong>S\u00e9jour<\/strong><\/td><\/tr><tr><td>JANVIERFEVRIERMARSNOVEMBREDECEMBRE<\/td><td>250 \u20ac&nbsp;<\/td><\/tr><tr><td>AVRILMAIOCTOBRE<\/td><td>&nbsp;300 \u20ac<\/td><\/tr><tr><td>JUINSEPTEMBRE<\/td><td>350 \u20ac<\/td><\/tr><tr><td>JUILLETAOUT<\/td><td>400 \u20ac<\/td><\/tr><\/tbody><\/table><\/figure>\n\n\n\n<p>&#8211; Forfait draps et linge de maison fournis&nbsp;+ lits faits \u00e0 votre arriv\u00e9e : 50 \u20ac<\/p>\n\n\n\n<p>&#8211; Forfait m\u00e9nage : 60 \u20ac<\/p>\n\n\n\n<p>&#8211; Caution \u00e0 l&#8217;arriv\u00e9e : 200 \u20ac<\/p>\n\n\n\n<p>Location du g\u00eete possible pour le week-end (hors saison estivale).<\/p>\n\n\n\n<p>Veuillez noter que le gite est un espace non fumeur et que nos amis les animaux sont accept\u00e9s.&nbsp;<\/p>\n\n\n\n<p>Les r\u00e9servations sont prises par&nbsp;:&nbsp;&nbsp;&nbsp;<\/p>\n\n\n\n<blockquote class=\"wp-block-quote is-layout-flow wp-block-quote-is-layout-flow\">\n<blockquote class=\"wp-block-quote is-layout-flow wp-block-quote-is-layout-flow\">\n<blockquote class=\"wp-block-quote is-layout-flow wp-block-quote-is-layout-flow\">\n<p>Sylvie et Pascal Jaffr\u00e9<\/p>\n\n\n\n<p>le penher<\/p>\n\n\n\n<p>la palmeraie56420 Callac(commune de Plumelec)<\/p>\n\n\n\n<p><img decoding=\"async\" src=\"https:\/\/web.archive.org\/web\/20110925142922im_\/http:\/\/gitelapalmeraie.com\/images\/icone_tel.gif\">&nbsp;(33) 02 97 67 18 32 (heures de repas)<\/p>\n\n\n\n<p><img decoding=\"async\" src=\"https:\/\/web.archive.org\/web\/20110925142922im_\/http:\/\/gitelapalmeraie.com\/images\/tel%20portable.jpg\">(33) 06&nbsp;68 76 29 21&nbsp;&nbsp;&nbsp;&nbsp;&nbsp;<\/p>\n\n\n\n<p>&nbsp;<img decoding=\"async\" src=\"https:\/\/web.archive.org\/web\/20110925142922im_\/http:\/\/gitelapalmeraie.com\/images\/icone_mail.gif\">&nbsp;&nbsp;<a href=\"https:\/\/web.archive.org\/web\/20110925142922\/mailto:gite.lapalmeraie@live.fr\">gite.lapalmeraie@live.fr<\/a><\/p>\n<\/blockquote>\n<\/blockquote>\n<\/blockquote>\n","protected":false},"excerpt":{"rendered":"<p>Si un petit s\u00e9jour dans notre r\u00e9gion vous tente, nous vous invitons \u00e0 nous contacter par e-mail ou t\u00e9l\u00e9phone, nous nous ferons un plaisir de vous renseigner ! Tarif \u00e0 la semaine ( location du samedi 16 H au samedi 11 H ) &nbsp; S\u00e9jour JANVIERFEVRIERMARSNOVEMBREDECEMBRE 250 \u20ac&nbsp; AVRILMAIOCTOBRE &nbsp;300 \u20ac JUINSEPTEMBRE 350 \u20ac JUILLETAOUT [&hellip;]<\/p>\n","protected":false},"author":1,"featured_media":0,"parent":0,"menu_order":0,"comment_status":"closed","ping_status":"closed","template":"","meta":{"ocean_post_layout":"","ocean_both_sidebars_style":"","ocean_both_sidebars_content_width":0,"ocean_both_sidebars_sidebars_width":0,"ocean_sidebar":"","ocean_second_sidebar":"","ocean_disable_margins":"enable","ocean_add_body_class":"","ocean_shortcode_before_top_bar":"","ocean_shortcode_after_top_bar":"","ocean_shortcode_before_header":"","ocean_shortcode_after_header":"","ocean_has_shortcode":"","ocean_shortcode_after_title":"","ocean_shortcode_before_footer_widgets":"","ocean_shortcode_after_footer_widgets":"","ocean_shortcode_before_footer_bottom":"","ocean_shortcode_after_footer_bottom":"","ocean_display_top_bar":"default","ocean_display_header":"default","ocean_header_style":"","ocean_center_header_left_menu":"","ocean_custom_header_template":"","ocean_custom_logo":0,"ocean_custom_retina_logo":0,"ocean_custom_logo_max_width":0,"ocean_custom_logo_tablet_max_width":0,"ocean_custom_logo_mobile_max_width":0,"ocean_custom_logo_max_height":0,"ocean_custom_logo_tablet_max_height":0,"ocean_custom_logo_mobile_max_height":0,"ocean_header_custom_menu":"","ocean_menu_typo_font_family":"","ocean_menu_typo_font_subset":"","ocean_menu_typo_font_size":0,"ocean_menu_typo_font_size_tablet":0,"ocean_menu_typo_font_size_mobile":0,"ocean_menu_typo_font_size_unit":"px","ocean_menu_typo_font_weight":"","ocean_menu_typo_font_weight_tablet":"","ocean_menu_typo_font_weight_mobile":"","ocean_menu_typo_transform":"","ocean_menu_typo_transform_tablet":"","ocean_menu_typo_transform_mobile":"","ocean_menu_typo_line_height":0,"ocean_menu_typo_line_height_tablet":0,"ocean_menu_typo_line_height_mobile":0,"ocean_menu_typo_line_height_unit":"","ocean_menu_typo_spacing":0,"ocean_menu_typo_spacing_tablet":0,"ocean_menu_typo_spacing_mobile":0,"ocean_menu_typo_spacing_unit":"","ocean_menu_link_color":"","ocean_menu_link_color_hover":"","ocean_menu_link_color_active":"","ocean_menu_link_background":"","ocean_menu_link_hover_background":"","ocean_menu_link_active_background":"","ocean_menu_social_links_bg":"","ocean_menu_social_hover_links_bg":"","ocean_menu_social_links_color":"","ocean_menu_social_hover_links_color":"","ocean_disable_title":"default","ocean_disable_heading":"default","ocean_post_title":"","ocean_post_subheading":"","ocean_post_title_style":"","ocean_post_title_background_color":"","ocean_post_title_background":0,"ocean_post_title_bg_image_position":"","ocean_post_title_bg_image_attachment":"","ocean_post_title_bg_image_repeat":"","ocean_post_title_bg_image_size":"","ocean_post_title_height":0,"ocean_post_title_bg_overlay":0.5,"ocean_post_title_bg_overlay_color":"","ocean_disable_breadcrumbs":"default","ocean_breadcrumbs_color":"","ocean_breadcrumbs_separator_color":"","ocean_breadcrumbs_links_color":"","ocean_breadcrumbs_links_hover_color":"","ocean_display_footer_widgets":"default","ocean_display_footer_bottom":"default","ocean_custom_footer_template":"","footnotes":""},"class_list":["post-15","page","type-page","status-publish","hentry","entry"],"_links":{"self":[{"href":"https:\/\/argwenn.zorgimka.ovh\/index.php?rest_route=\/wp\/v2\/pages\/15","targetHints":{"allow":["GET"]}}],"collection":[{"href":"https:\/\/argwenn.zorgimka.ovh\/index.php?rest_route=\/wp\/v2\/pages"}],"about":[{"href":"https:\/\/argwenn.zorgimka.ovh\/index.php?rest_route=\/wp\/v2\/types\/page"}],"author":[{"embeddable":true,"href":"https:\/\/argwenn.zorgimka.ovh\/index.php?rest_route=\/wp\/v2\/users\/1"}],"replies":[{"embeddable":true,"href":"https:\/\/argwenn.zorgimka.ovh\/index.php?rest_route=%2Fwp%2Fv2%2Fcomments&post=15"}],"version-history":[{"count":2,"href":"https:\/\/argwenn.zorgimka.ovh\/index.php?rest_route=\/wp\/v2\/pages\/15\/revisions"}],"predecessor-version":[{"id":89,"href":"https:\/\/argwenn.zorgimka.ovh\/index.php?rest_route=\/wp\/v2\/pages\/15\/revisions\/89"}],"wp:attachment":[{"href":"https:\/\/argwenn.zorgimka.ovh\/index.php?rest_route=%2Fwp%2Fv2%2Fmedia&parent=15"}],"curies":[{"name":"wp","href":"https:\/\/api.w.org\/{rel}","templated":true}]}}